ose -3*w - 6 = -0*w, -3*w - 21 = -3*h. Let q = h - -5. Suppose 0 = -9*y + 4*y + q. What is the units digit of y?
2
Suppose 0 = -2*q - 5*c + 1, 38 = 4*q - 2*c - 0. Let x = 0 + q. What is the units digit of x?
8
Let a(g) = -2*g + 8 + g - 6*g. Let t be a(7). Let x = t + 58. What is the units digit of x?
7
Let v(t) be the first derivative of t**2/2 + 6*t + 4. What is the units digit of v(0)?
6
Let z = 7 + 7. Let k be -2*4*z/(-4). What is the units digit of k/8 - 1/2?
3
Suppose -12 = -g - 2*g. Suppose -g*f = -20, 4*r - 5*r - 26 = -5*f. What is the units digit of (4/(-10))/(r/15)?
6
Suppose 6 = 5*z - 2*z. Suppose 3*r - 54 = z*f, 0 = -0*r - 5*r - 2*f + 106. What is the tens digit of r?
2
Let f = 9 + 2. What is the tens digit of f?
1
Suppose 0 = 2*d - 2*p - 30, d + 5*p + 15 = -0. Let k = 19 - d. Suppose 2*n - k = -n. What is the units digit of n?
3
Suppose 5*h + 5 + 0 = 0. What is the units digit of -12*(-2)/(h + 5)?
6
Let y(j) = j - 2. What is the units digit of y(7)?
5
Let n = -21 + 314. What is the hundreds digit of n?
2
Let p = 11 + -6. Suppose 57 = -5*y + 3*y + p*u, -3*y = 4*u + 28. Let t = -9 - y. What is the units digit of t?
7
Let m(f) = 2*f**3 + f**2 - 1. What is the tens digit of m(2)?
1
Let g(o) = 7*o + 11. What is the tens digit of g(12)?
9
Let l(k) = 6*k**2 - 5*k. Let c(v) = -7*v**2 + 5*v + 1. Let w(s) = 4*c(s) + 5*l(s). What is the units digit of w(3)?
7
Suppose 0 = -2*b - 66 + 4. Let a = b - -67. What is the tens digit of a?
3
Let x(t) = 2*t. Let y be x(2). Suppose -16 = -y*c + 8*c. What is the tens digit of (9/c)/((-9)/48)?
1
Let m(t) = 6*t + 42. What is the tens digit of m(0)?
4
What is the units digit of (-429)/(-15) - 4/(-10)?
9
Let z be 19/(-2) - (-1)/(-2). Let u = -6 - z. Suppose 0*t - 3*l + 36 = u*t, 2*l + 9 = t. What is the units digit of t?
9
Let h(a) = a**2 + 4*a + 4. What is the units digit of h(-10)?
4
Let c(o) = o**3 - 5*o**2 + o + 1. Let g be c(5). Let j be (-9 + -6)*(-4)/g. Suppose -t + 18 = 5*r, 2*t - j = -4*r - t. What is the units digit of r?
4
Suppose 0 = v + 2, 7 + 3 = -2*z - 5*v. Suppose -2*y - 34 = -4*y - 4*r, z = 3*r + 12. What is the units digit of y?
5
Let x be (7 + -1)/(3 - 1). Let b = x - -12. What is the tens digit of b?
1
Suppose -2*b + 0*g + 3 = g, 3*g = 9. Suppose b = -3*d + 17 + 16. What is the units digit of d?
1
Let f = -60 - -119. Suppose -f + 11 = 4*a. What is the units digit of 3/a + (-66)/(-8)?
8
Let h(t) = -t**2 + 15*t - 12. What is the units digit of h(12)?
4
Suppose 6*s = 8*s - 256. What is the hundreds digit of s?
1
Suppose -10 = -2*r - 4*k, -5*r - 4*k = -0*k - 55. Suppose 0*o + r = 5*o. Suppose 5*l - 5*h + 26 = 6*l, -31 = -2*l - o*h. What is the units digit of l?
1
Let b(y) = y**3 - y**2 + y + 2. Let l be b(0). Let u be -3 - (-7)/(2/l). Suppose -3*i = -u*i + 9. What is the units digit of i?
9
Suppose -4*d + 5 = -9*d. Let j = -7 + 13. Let z = j + d. What is the units digit of z?
5
Let n be (-3)/15 + 16/5. Suppose 2*x = -5*u - 1, 0*x + n*x = -3*u + 3. Suppose -x*v = v - 30. What is the tens digit of v?
1
Let w(v) = 21*v**2 + v + 1. Let p = -8 - -7. What is the tens digit of w(p)?
2
Let s(k) = 19*k**2 - 5*k + 3. What is the units digit of s(2)?
9
Let y = 20 - -1. What is the tens digit of y?
2
Let d be (-13)/(-2) + 2/(-4). Let l = d - 4. Suppose 11 = w + l. What is the units digit of w?
9
What is the units digit of ((-6)/4)/(24/(-32))?
2
Let m = 1 + -4. What is the units digit of 6*(3 + m + 1)?
6
Suppose 3*i - 5*i + 5 = -u, 5*i - 15 = 5*u. Let n = 5 + i. What is the units digit of n?
7
Let d = 129 - 36. What is the tens digit of d?
9
Suppose -2*s + m + 87 = 23, 0 = -3*s - 4*m + 85. What is the tens digit of s?
3
Suppose 2*b - 13 = 69. What is the tens digit of b?
4
Suppose -5*r + 0 - 1 = -4*d, r = 4*d - 13. Let y(j) = j. What is the units digit of y(d)?
4
Suppose -t - t + 20 = -4*g, -3*t = -5*g - 35. Suppose -9*o + t = -8*o. What is the units digit of o?
0
Let v(u) = u**3 + 3*u**2 + 4. Let z be v(-3). Suppose 0 = 2*x - 5*l - 64, -z = l - 0*l. Suppose 4 = -3*o + x. What is the units digit of o?
6
Let d be (15/(-2))/(1/(-2)). Let a = d + -10. What is the units digit of a?
5
Suppose 5*t = -3*l + t - 7, -3*l + 2*t = -17. Suppose -2*y - 7 = -p, y - l*p + 11 = -0*y. What is the units digit of 7 - -1*y/(-2)?
8
Let i = 7 + -3. What is the units digit of 51/i - (-3)/12?
3
Suppose 12*x - 8 = 8*x. Let k(r) be the second derivative of r**3 - r**2/2 + r. What is the tens digit of k(x)?
1
Suppose 0 = 4*o + 3*n - 17 + 1, -4*o + 20 = 2*n. Let r = o + 1. Suppose 5*b = 3*b + r. What is the units digit of b?
4
Let q be 4/2 - 2 - 9. Let k be (-6)/2*12/q. Suppose d - 42 = -3*z - 2*d, 0 = k*z + d - 44. What is the tens digit of z?
1
Suppose -4*n = 5*g - 590, -3*g = 4 + 2. What is the hundreds digit of n?
1
Let f(w) = -2*w - 2. Suppose j + 6 - 1 = 0. What is the units digit of f(j)?
8
Suppose 0 = 3*m - 9. Suppose m*t + 6 = 6*t. Suppose -20 = -v - 3*j + j, t*j = 3*v - 36. What is the units digit of v?
4
Suppose 5*f + 21 - 56 = 0. Let b be (-2)/f + 316/28. Suppose -2*p - 4*w = -b - 25, 5*p - 4*w = 90. What is the units digit of p?
8
Suppose -3*q = -3 - 3. Suppose -h - o + 4 = -0*h, -q = 2*o. What is the units digit of h?
5
What is the tens digit of 2 + -1 + (-30)/(-3)?
1
Let y(w) = -w**2 - w. Suppose 0 = -4*q - l + 1, 4*q + 4*l = l + 11. Let n be y(q). Suppose n*f + 2*f = 22. What is the units digit of f?
1
Suppose 4*q + 10 = 5*s + 47, 0 = 2*q - s - 11. What is the units digit of q?
3
Let w = -49 - -121. What is the units digit of w?
2
Suppose 6*g - 20 = g. Suppose -3*z + g = 1. Suppose z = 4*r - 27. What is the units digit of r?
7
Suppose 2*c + 130 = 3*i - 2*c, i + c - 34 = 0. Let k = i - 20. What is the tens digit of 4/k + (-302)/(-18)?
1
Let b = -2 + 2. Suppose r + 2*i - 16 = 0, -r + b*i + 5*i = -51. What is the units digit of r?
6
Let t(y) = -y**3 - 5*y**2 + y - 4. Let a be t(-5). Let h = -4 - a. What is the units digit of h?
5
Suppose -g = g - 10. Suppose 2*t = 3*b - g*b + 16, -5 = -5*b + 2*t. What is the units digit of -4*(b/4 + -2)?
5
What is the tens digit of (-1)/((-15)/156) + 9/15?
1
Suppose -f = 4 + 1. Let k be (f/(-2))/(4/8). Suppose -4*a + 11 = -k. What is the units digit of a?
4
Suppose 15*r - 4471 = -2*r. What is the units digit of r?
3
Let h(p) be the second derivative of -p**4/12 + 4*p**3/3 - 9*p**2/2 + 2*p. Let t be h(6). What is the units digit of -2*21/(-1*t)?
4
What is the units digit of 304/(-20)*-8 + (-4)/(-10)?
2
Let x(f) = -f**2 + 5*f - 3. Let r be x(3). Suppose -5*t - 4*u + 5*u = -49, -r*u = -4*t + 37. What is the units digit of t?
0
Let h be 7/(-5) + (-6)/10. Let g(p) = -p**3 + p**2 - 3*p - 1. What is the tens digit of g(h)?
1
Let w be 28/(-6)*21/(-14). Suppose 4*m + w + 5 = 0. What is the units digit of ((-1)/3)/(m/99)?
1
Let f = -89 - -128. What is the units digit of f?
9
Let h(z) = z**2 + 15*z - 16. What is the tens digit of h(11)?
7
Let b(k) = k**2 - k. Let t be b(1). Suppose x - 27 = -2*g, 2*g = -4*x - t*x + 30. What is the units digit of g?
3
Suppose -l + 13 = 4*h, 3*l - 16 = 4*h + 7. What is the units digit of l?
9
Suppose -24*z - 207 = -27*z. What is the units digit of z?
9
Let g(r) = 2*r**3 - 3*r**2 - 6*r + 12. What is the hundreds digit of g(6)?
3
Let z = -19 - -35. Suppose 5*l + 0*l = u - 5, -l - 3*u = 17. What is the units digit of 1/(2/(z + l))?
7
Let h(k) = -4*k - 2*k**3 + 3*k**3 + 8 + 9*k - 8*k**2 + 3*k. Let d = 12 - 5. What is the units digit of h(d)?
5
Let f(h) = 19*h - 9. What is the units digit of f(3)?
8
Let q = -1 - -3. Let h(j) = 7*j**3 - j**2 - j + 2. Let n be h(1). What is the units digit of (2 + q)*n/2?
4
Suppose 56 = 4*o - 0*o. What is the units digit of o?
4
Suppose 2*j = -5*r + 16, 3*j = -r - 0*r + 24. What is the tens digit of (-278)/(-8) - (-2)/j?
3
Suppose -12 = -4*d - 0. Suppose 0 = -d*f - f + 28. Let s = 9 - f. What is the units digit of s?
2
Let z be (62 - -2)*(-2)/(-4). Let m = 48 - z. What is the tens digit of m?
1
Let n(y) = 8*y. What is the units digit of n(4)?
2
Suppose g - 57 = -0*g. What is the units digit of g?
7
Let l = -11 - -16. Let f = 17 - l. What is the tens digit of f?
1
Let t = 13 + -11. Suppose 0 = -t*a - 4*m + 80, -2*a - m + 50 = -3*m. What is the tens digit of a?
3
Suppose -t + 70 = 3*q, 4*t - 3*q = -0*q + 220. What is the units digit of 